 58 divide 60146?
True
Does 138 divide 18854899?
False
Does 21 divide 120435?
True
Does 193 divide 9071?
True
Does 193 divide 214262?
False
Is 63 a factor of 592011?
True
Is 108438 a multiple of 12?
False
Does 88 divide 651124?
False
Does 84 divide 7423920?
True
Is 396472 a multiple of 68?
False
Is 41868 a multiple of 18?
True
Does 12 divide 2940?
True
Is 174 a factor of 2204691?
False
Is 54 a factor of 202156?
False
Does 2 divide 52692?
True
Does 65 divide 716625?
True
Does 379 divide 350196?
True
Does 5 divide 572292?
False
Is 34 a factor of 5119212?
False
Does 13 divide 1445691?
True
Is 5 a factor of 12252?
False
Is 17 a factor of 823546?
False
Is 677614 a multiple of 11?
False
Does 11 divide 3044048?
False
Is 367 a factor of 235614?
True
Is 74693 a multiple of 81?
False
Is 28137 a multiple of 83?
True
Is 3718 even?
True
Is 14 a factor of 152632?
False
Is 243723 a multiple of 14?
False
Is 2306976 a multiple of 48?
True
Is 12 a factor of 564114?
False
Does 16 divide 125972?
False
Is 2395640 a multiple of 1105?
True
Does 899 divide 1543583?
True
Does 234 divide 476095?
False
Is 61 a factor of 1056276?
True
Does 184 divide 105432?
True
Is 4116948 a multiple of 22?
True
Is 5 a factor of 41391?
False
Is 23 a factor of 851025?
False
Does 93 divide 149916?
True
Does 286 divide 562828?
False
Is 177 a factor of 6666174?
True
Is 2 a factor of 368639?
False
Does 29 divide 824760?
True
Does 16 divide 634352?
True
Is 109863 a multiple of 3?
True
Does 7 divide 12788?
False
Is 51 a factor of 198020?
False
Is 23 a factor of 1325467?
True
Is 327348 a multiple of 126?
True
Does 306 divide 13610271?
False
Is 300762 a multiple of 93?
True
Is 147 a factor of 4337549?
False
Does 8 divide 2083424?
True
Is 217 a factor of 27993?
True
Is 4983545 a multiple of 95?
False
Is 179459 a multiple of 217?
True
Is 15054 a multiple of 253?
False
Is 2219607 a multiple of 311?
True
Does 217 divide 1206086?
True
Is 3372191 a multiple of 53?
False
Is 24 a factor of 4333128?
True
Is 197 a factor of 1186137?
True
Is 288 a factor of 303572?
False
Is 715680 a multiple of 355?
True
Is 7 a factor of 1957555?
False
Does 21 divide 519960?
True
Is 1338988 a multiple of 116?
True
Does 93 divide 30969?
True
Is 5 a factor of 43340?
True
Is 65 a factor of 285363?
False
Does 195 divide 122655?
True
Is 1554168 a multiple of 77?
True
Does 69 divide 341550?
True
Does 3 divide 2390699?
False
Does 6 divide 58416?
True
Is 41 a factor of 10834168?
True
Is 34 a factor of 115379?
False
Does 71 divide 327060?
False
Is 10 a factor of 330615?
False
Is 71064 a multiple of 21?
True
Is 45 a factor of 2245590?
True
Is 575 a factor of 1383450?
True
Is 321 a factor of 398040?
True
Does 61 divide 828793?
False
Is 18 a factor of 8046?
True
Does 4 divide 273552?
True
Does 27 divide 377174?
False
Is 9 a factor of 1760267?
False
Is 18 a factor of 17946?
True
Does 380 divide 502360?
True
Is 11 a factor of 63457?
False
Does 16 divide 220064?
True
Is 15512 a multiple of 72?
False
Does 130 divide 891800?
True
Is 135019 a multiple of 251?
False
Is 684160 a multiple of 128?
True
Is 511 a factor of 2177399?
False
Is 34 a factor of 1688861?
False
Is 94 a factor of 280684?
True
Does 1210 divide 11608323?
False
Does 15 divide 31361317?
False
Does 21 divide 94080?
True
Is 47 a factor of 1698941?
False
Is 72 a factor of 190584?
True
Does 5 divide 128075?
True
Is 168639 a multiple of 201?
True
Does 108 divide 1815912?
True
Is 19 a factor of 45239?
True
Does 2 divide 780960?
True
Is 405270 a multiple of 270?
True
Is 201786 a multiple of 169?
True
Does 160 divide 1536320?
True
Does 84 divide 12180?
True
Does 48 divide 815140?
False
Does 6 divide 4652598?
True
Is 116 a factor of 5719848?
False
Does 10 divide 6476016?
False
Is 3205048 a multiple of 484?
True
Is 36 a factor of 46943?
False
Does 124 divide 588132?
True
Is 8 a factor of 48708?
False
Does 41 divide 125214?
True
Is 95 a factor of 32138?
False
Does 10 divide 21695999?
False
Is 379848 a multiple of 57?
True
Is 8 a factor of 3170486?
False
Does 92 divide 7694791?
False
Is 14 a factor of 150543?
False
Is 13 a factor of 192877?
False
Is 9707749 a multiple of 1145?
False
Does 11 divide 353313?
False
Does 41 divide 5350665?
False
Is 15 a factor of 8294895?
True
Does 9 divide 578713?
False
Does 281 divide 221428?
True
Is 1678143 a multiple of 87?
True
Does 101 divide 6550720?
False
Is 5697661 a multiple of 7?
False
Does 35 divide 2407685?
True
Is 39 a factor of 323154?
True
Is 160337 a multiple of 150?
False
Is 53775 a multiple of 51?
False
Does 6 divide 11483?
False
Is 6 a factor of 262260?
True
Is 1395953 a multiple of 167?
True
Is 19704915 a multiple of 1399?
True
Does 19 divide 3584758?
False
Does 50 divide 2601227?
False
Is 687 a factor of 13395127?
False
Is 3 a factor of 1219536?
True
Is 45 a factor of 41940?
True
Is 160128 a multiple of 417?
True
Is 21 a factor of 1363031?
False
Is 199 a factor of 31057?
False
Does 844 divide 21314376?
True
Is 398178 a multiple of 18?
True
Is 269 a factor of 483931?
True
Is 728 a factor of 1607424?
True
Is 14 a factor of 11004670?
False
Is 3408240 a multiple of 16?
True
Is 13752900 a multiple of 42?
True
Is 2292946 a multiple of 31?
True
Does 9 divide 2139850?
False
Does 2001 divide 14169225?
False
Is 36 a factor of 2101284?
True
Does 10 divide 4139923?
False
Is 3344484 a multiple of 156?
True
Is 399574 a multiple of 17?
False
Is 4556032 a multiple of 191?
False
Is 92 a factor of 141006?
False
Does 97 divide 30827?
False
Is 281478 a multiple of 631?
False
Is 1015 a factor of 177625?
True
Is 13 a factor of 93379?
True
Is 38 a factor of 1095835?
False
Does 106 divide 794470?
True
Is 182490 a multiple of 42?
True
Is 270557 a multiple of 602?
False
Is 215449 a multiple of 13?
True
Is 68 a factor of 558212?
True
Does 18 divide 482393?
False
Does 3 divide 159321?
True
Is 3 a factor of 77548?
False
Is 7 a factor of 4151132?
False
Is 30435 a multiple of 34?
False
Is 41 a factor of 1292115?
True
Is 37 a factor of 226070?
True
Is 2022450 a multiple of 30?
True
Is 7372860 a multiple of 9?
False
Is 79269 a multiple of 20?
False
Does 897 divide 685341?
False
Is 2952012 a multiple of 678?
True
Is 179743 a multiple of 144?
False
Does 216 divide 3270456?
True
Is 13 a factor of 6695?
True
Is 2403448 a multiple of 8?
True
Does 44 divide 2594989?
False
Is 467000 a multiple of 9?
False
Does 4 divide 107796?
True
Is 187 a factor of 1649373?
False
Does 58 divide 308059?
False
Is 5815790 a multiple of 162?
False
Does 15 divide 126569?
False
Is 277 a factor of 454966?
False
Does 10 divide 75761?
False
Is 304 a factor of 1019008?
True
Is 1684 a factor of 9719942?
False
Is 123530 a multiple of 13?
False
Is 114 a factor of 1781806?
False
Does 57 divide 2671590?
True
Does 245 divide 309925?
True
Is 357422 a multiple of 121?
False
Does 308 divide 274078?
False
Is 52 a factor of 189511?
False
Is 2859822 a multiple of 15?
False
Is 51 a factor of 568038?
True
Is 57 a factor of 172883?
False
Is 131 a factor of 12480501?
True
Does 14 divide 45934?
True
Is 6047296 a multiple of 976?
True
Does 3 divide 33451?
False
Is 1803588 a multiple of 64?
False
Does 174 divide 5717502?
False
Is 141 a factor of 2455169?
False
Is 81 a factor of 957582?
True
Does 13 divide 152615?
False
Is 107 a factor of 232278?
False
Does 102 divide 3940260?
True
Is 417899 a multiple of 110?
False
Does 8 divide 263134?
False
Is 6459128 a multiple of 8?
True
Is 44 a factor of 8034048?
True
Is 2400 a factor of 478385?
False
Is 2417738 a multiple of 93?
False
Is 275884 a multiple of 118?
True
Does 186 divide 302635?
False
Does 13 divide 1061627?
False
Does 37 divide 6912?
False
Is 3 a factor of 255983?
False
Is 74 a factor of 1352962?
False
Does 3 divide 118148?
False
Does 53 divide 1381127?
True
Is 1241 a multiple of 17?
True
Is 27 a factor of 893882?
False
Does 492 divide 31339?
False
Is 29148 a multiple of 4?
True
Is 2316334 a multiple of 202?
True
Does 23 divide 154928?
True
Does 110 divide 135410?
True
Is 818834 a multiple of 19?
False
Is 145461 a multiple of 34?
False
Does 409 divide 652265?
False
Is 29 a factor of 1970347?
True
Does 89 divide 610629?
True
Does 7 divide 581577?
False
Is 3446797 a multiple of 6?
False
Is 17 a factor of 1275206?
False
Is 14 a factor of 68194?
True
Is 9 a factor o